7?
False
Does 6 divide 29727?
False
Is 76579 a multiple of 130?
False
Is 346 a factor of 188129?
False
Is 364 a factor of 87254?
False
Is 13083 a multiple of 26?
False
Does 28 divide 303156?
True
Is 356669 a multiple of 109?
False
Does 4 divide 81908?
True
Is 479 a factor of 6316094?
True
Does 602 divide 569285?
False
Does 339 divide 1952301?
True
Is 5769590 a multiple of 419?
False
Is 8708 a multiple of 94?
False
Is 77 a factor of 34315?
False
Does 48 divide 3863280?
True
Is 44 a factor of 8173396?
True
Is 14283197 a multiple of 9?
False
Is 13 a factor of 351598?
True
Does 906 divide 7814250?
True
Is 39 a factor of 21099?
True
Does 17 divide 132543?
False
Is 667 a factor of 1729531?
True
Does 3 divide 908579?
False
Is 13865 a multiple of 24?
False
Does 974 divide 2552986?
False
Is 6 a factor of 12042?
True
Is 8186906 a multiple of 18?
False
Is 734080 a multiple of 2480?
True
Is 1196937 a multiple of 189?
True
Is 3206199 a multiple of 141?
True
Does 35 divide 60128?
False
Is 118809 a multiple of 43?
True
Does 79 divide 50955?
True
Is 304 a factor of 14170146?
False
Is 625 a factor of 4459375?
True
Does 19 divide 48944?
True
Is 20 a factor of 135096?
False
Is 262934 a multiple of 34?
False
Is 15028989 a multiple of 19?
False
Is 25 a factor of 20189?
False
Does 10 divide 574900?
True
Does 12 divide 100447?
False
Is 10 a factor of 1021290?
True
Is 567856 a multiple of 38?
False
Is 12616271 a multiple of 1218?
False
Is 29810 a multiple of 69?
False
Is 9 a factor of 65536?
False
Is 35 a factor of 1279390?
True
Does 28 divide 1905008?
True
Is 424932 a multiple of 21?
False
Is 9186758 a multiple of 265?
False
Is 38406 a multiple of 222?
True
Is 2304888 a multiple of 411?
True
Does 64 divide 3142464?
True
Does 47 divide 444771?
False
Is 313932 a multiple of 3?
True
Is 28 a factor of 30995?
False
Is 2282400 a multiple of 400?
True
Is 26 a factor of 273156?
True
Is 129 a factor of 1806?
True
Does 14 divide 12765?
False
Does 17 divide 1401019?
False
Does 19 divide 391476?
True
Is 2966979 a multiple of 183?
True
Does 5 divide 158586?
False
Does 203 divide 1848924?
True
Is 340046 a multiple of 107?
True
Is 1519854 a multiple of 50?
False
Is 3 a factor of 145756?
False
Does 10 divide 46207?
False
Does 185 divide 7470200?
False
Does 3 divide 51861?
True
Does 283 divide 9022040?
True
Does 14 divide 5084198?
True
Does 819 divide 2790483?
False
Does 85 divide 1719069?
False
Does 764 divide 4191399?
False
Does 154 divide 12222210?
True
Is 804 a factor of 814452?
True
Is 18 a factor of 7569473?
False
Is 23 a factor of 31139?
False
Is 9180 a multiple of 16?
False
Is 61404 a multiple of 119?
True
Is 8 a factor of 757199?
False
Is 102306 a multiple of 51?
True
Does 200 divide 179000?
True
Is 23 a factor of 2119088?
False
Is 68593 a multiple of 17?
False
Is 31 a factor of 14828428?
False
Does 17 divide 22117323?
True
Is 48 a factor of 143568?
True
Is 133 a factor of 668857?
True
Is 23 a factor of 453625?
False
Does 135 divide 1546661?
False
Is 40334 a multiple of 43?
True
Is 97 a factor of 492209?
False
Is 19 a factor of 58217?
False
Is 257 a factor of 2407529?
False
Is 10 a factor of 1403?
False
Does 473 divide 1440758?
True
Is 13 a factor of 23673?
True
Is 11 a factor of 150373?
False
Is 8167797 a multiple of 89?
True
Is 313135 a multiple of 55?
False
Is 192889 a multiple of 19?
False
Is 340546 a multiple of 69?
False
Does 76 divide 7551968?
True
Is 944991 a multiple of 74?
False
Is 2 a factor of 4128643?
False
Does 113 divide 236418?
False
Is 500449 a multiple of 21?
False
Is 171 a factor of 479655?
True
Does 9 divide 109026?
True
Does 77 divide 182728?
False
Is 840690 a multiple of 18?
True
Is 8 a factor of 58218?
False
Does 24 divide 113784?
True
Does 209 divide 165130?
False
Is 399 a factor of 482358?
False
Does 39 divide 370461?
True
Is 1221 a factor of 6689279?
False
Is 471 a factor of 149530?
False
Is 864880 a multiple of 76?
True
Is 89 a factor of 826336?
False
Is 30300 a multiple of 20?
True
Is 5381240 a multiple of 219?
False
Is 57 a factor of 176586?
True
Is 833 a factor of 17016007?
False
Does 21 divide 4371040?
False
Does 14 divide 258608?
True
Does 14 divide 4317045?
False
Is 38 a factor of 11257690?
True
Is 10 a factor of 565050?
True
Is 687200 a multiple of 82?
False
Does 14 divide 5821606?
True
Is 94 a factor of 92862?
False
Is 380 a factor of 155040?
True
Is 183396 a multiple of 31?
True
Does 2 divide 131815?
False
Is 9168 a multiple of 8?
True
Is 185 a factor of 489510?
True
Is 3 a factor of 41900?
False
Is 14 a factor of 219229?
False
Is 3 a factor of 198168?
True
Is 3596225 a multiple of 21?
False
Is 230484 a multiple of 340?
False
Is 4792920 a multiple of 165?
True
Does 7 divide 8000127?
False
Is 950320 a multiple of 430?
False
Is 5 a factor of 470530?
True
Does 6 divide 3450648?
True
Is 6321252 a multiple of 21?
True
Is 436752 a multiple of 9?
True
Is 41 a factor of 49036?
True
Is 667843 a multiple of 109?
True
Is 3644474 a multiple of 52?
False
Does 45 divide 15435?
True
Does 20 divide 39506?
False
Is 35 a factor of 175496?
False
Does 23 divide 10469255?
True
Is 3 a factor of 1469479?
False
Does 2 divide 76936?
True
Is 822248 a multiple of 502?
False
Is 151 a factor of 80483?
True
Is 42813 a multiple of 67?
True
Does 763 divide 1454615?
False
Is 350 a factor of 141750?
True
Is 325237 a multiple of 12?
False
Is 192357 a multiple of 32?
False
Does 586 divide 1347800?
True
Does 5 divide 283710?
True
Is 93088 a multiple of 25?
False
Is 56 a factor of 7882824?
False
Is 191 a factor of 19846?
False
Does 395 divide 4980933?
False
Is 6080 a multiple of 4?
True
Does 26 divide 214500?
True
Is 1472 a factor of 18520842?
False
Does 16 divide 474064?
True
Does 9 divide 110459?
False
Does 5 divide 109599?
False
Does 251 divide 35181164?
True
Is 551316 a multiple of 84?
False
Is 37 a factor of 546098?
False
Does 4 divide 1753?
False
Does 38 divide 1112929?
False
Is 216040 a multiple of 11?
True
Is 5 a factor of 42696?
False
Is 8 a factor of 934210?
False
Is 502463 a multiple of 3?
False
Does 3 divide 1371622?
False
Does 74 divide 37296?
True
Is 23633298 a multiple of 1014?
True
Is 5058320 a multiple of 1060?
True
Is 333 a factor of 1142897?
False
Does 39 divide 4076943?
True
Does 37 divide 3807607?
False
Is 730 a factor of 794970?
True
Is 16 a factor of 39088?
True
Is 4819 a multiple of 79?
True
Is 20 a factor of 47362?
False
Is 5091543 a multiple of 24?
False
Does 3 divide 189?
True
Is 12 a factor of 273125?
False
Is 435021 a multiple of 810?
False
Is 4942476 a multiple of 396?
True
Does 38 divide 835050?
True
Is 10014408 a multiple of 426?
True
Is 12 a factor of 244481?
False
Is 8 a factor of 1001485?
False
Is 139 a factor of 3893931?
False
Is 185538 a multiple of 102?
True
Is 193666 a multiple of 33?
False
Is 5 a factor of 2131087?
False
Does 10 divide 93920?
True
Is 24564 a multiple of 267?
True
Does 95 divide 690460?
True
Is 583 a factor of 576888?
False
Does 58 divide 128238?
True
Is 15 a factor of 65805?
True
Does 5 divide 130225?
True
Is 15 a factor of 12258045?
True
Does 29 divide 132588?
True
Does 28 divide 1045137?
False
Does 58 divide 31468654?
True
Does 107 divide 170879?
True
Is 105034 a multiple of 86?
False
Is 235065 a multiple of 13?
False
Is 290900 a multiple of 100?
True
Does 1937 divide 13865750?
False
Is 135 a factor of 206280?
True
Is 952 a factor of 1264256?
True
Is 685055 a multiple of 529?
True
Is 46577 a multiple of 216?
False
Is 27510 a multiple of 30?
True
Does 73 divide 184510?
False
Does 13 divide 452613?
False
Does 113 divide 1256560?
True
Is 1219495 a multiple of 405?
False
Is 32526 a multiple of 30?
False
Does 9 divide 172811?
False
Is 499802 a multiple of 424?
False
Is 15 a factor of 119243?
False
Is 17 a factor of 210855?
False
Does 31 divide 1100965?
True
Does 394 divide 2017674?
True
Is 447575 a multiple of 124?
False
Is 587732 a multiple of 18?
False
Is 522041 a multiple of 12?
False
Does 13 divide 1411437?
False
Is 26 a factor of 8762?
True
Is 1574360 a multiple of 19?
False
Is 20 a factor of 33457?
False
Is 134 a factor of 248972?
True
Is 265 a factor of 206965?
True
Is 3291175 a multiple of 25?
True
Is 1058258 a multiple of 1072?
False
Is 3 a factor of 4405?
False
Does 1083 divide 10730253?
False
Does 17 divide